5
2
Calculate 2 + (2 - 1 - 1) + 3.
5
-11 - -6 - -5 - -3
3
(-4 - -6) + (-1 - -1 - 4)
-2
Calculate -5 - (-9 - (2 - (2 - -6))).
-2
What is the value of -16 - (2 + 1) - -8 - -8?
-3
Calculate (6 - 0) + -5 + 2.
3
What is -2 - (1 - -2 - 0)?
-5
Evaluate 10 + 0 + -7 + 4 + -1.
6
What is 10 + (0 - (-2 + 3))?
9
(-92 - -79) + (1 - -6)
-6
Calculate -7 + (7 - 1 - 3) - 2.
-6
Evaluate -1 + (4 - (-7 + (2 - -5))).
3
Evaluate 7 - 0 - (3 - -4).
0
Evaluate (14 - 7 - -1) + 0.
8
Evaluate -1 + (2 - 4) + 8.
5
Calculate -6 + 4 + 5 + -6.
-3
Calculate -1 + (-6 - (-1 - 10)).
4
Evaluate 1 + 18 - (-154 - -165).
8
What is the value of 6 - (7 - -2) - -9?
6
Evaluate -6 + (6 - -5) + -3.
2
Evaluate (12 - 8) + (-1 - 3) + -1.
-1
Calculate -1 - 1 - 2 - -3 - -3.
2
9 + 0 + 3 + -3 + -4
5
What is 8 + -1 - (6 + 13 + -14)?
2
Calculate -4 + 10 + -11 + (1 - -1).
-3
What is the value of 5 + 1 - (-27 + 28)?
5
What is 2 - (-7 + 15 - 3)?
-3
Calculate 7 + -10 - (4 - 13).
6
Evaluate 5 + (-7 - -8) + -4.
2
Evaluate 4 + -4 + -6 + (-1 - -2).
-5
Evaluate 3 + -5 + 0 + 2.
0
What is the value of 4 - -1 - ((10 - 1) + -6)?
2
What is the value of -4 + -1 + -2 + 8?
1
-4 - (-2 - (4 - 3))
-1
(2 - 0) + -5 - (-2 + -6)
5
Evaluate -10 + -10 + 14 - (3 - 8).
-1
Evaluate (-1 - -1) + -1 - -4.
3
Evaluate (0 - 1) + 2 - (2 - 0).
-1
What is the value of -3 + -1 + 24 + -21?
-1
Evaluate -5 + -2 + 19 + -14.
-2
Calculate (-2 - -7) + -13 + -2 + 4.
-6
What is -3 - -2 - (13 + -14)?
0
Calculate -1 + -1 + 3 + -5 + 6.
2
What is 5 + 5 + -6 + -5 + 2?
1
Evaluate -5 - (11 - 2 - 8).
-6
What is the value of 10 + (-12 - -5) - (4 - 2)?
1
Calculate (-3 - -2) + (-14 - -12).
-3
What is -3 - (9 - 9 - (2 - -6))?
5
Evaluate -5 + 10 + -7 + 1.
-1
-1 + (-6 + 3 - -6 - 0)
2
Calculate 7 + (5 - (5 - -3)).
4
What is -8 - ((-8 - -6) + -6)?
0
Evaluate -4 + 3 + -3 + -1.
-5
(0 - -1) + (17 - 19) + -2
-3
What is the value of -6 - (9 + -4 - 16)?
5
What is 2 + 1 + (-1 - 1)?
1
-3 + -3 + 0 - (-7 + 1)
0
-8 + (-2 - (0 + -16))
6
What is the value of (-8 - -2) + (-4 - 0 - -5)?
-5
What is the value of (-17 - -12) + 8 + 1 + 1?
5
(-1 - -4) + (2 - (1 + 0))
4
Evaluate -5 + (3 - 0) + 2 + 1.
1
What is -4 - (-10 - (-6 + 5))?
5
What is the value of 7 + -4 - (3 - 1)?
1
Calculate -12 - (-3 - (9 + -7)).
-7
What is the value of 51 + -57 - (1 + -3)?
-4
Calculate -7 - (-6 - (6 - 4 - 2)).
-1
Calculate (-4 - -7) + (3 - 1).
5
Evaluate -2 - -2 - (6 + -8).
2
What is 3 + (2 - -2 - 0) + -5?
2
What is -3 + (1 - (-2 - -2)) + 3?
1
Evaluate (-1 - -7) + -4 + 1.
3
What is -9 + (-6 - -11) - (-2 + -8)?
6
What is the value of -1 - (5 + 1 + -10)?
3
Calculate 2 - (-5 - (5 + -6) - -5).
1
Calculate -4 + (-3 - -8) + (0 - -1).
2
Evaluate -8 + -3 + 14 - (0 + 0).
3
-7 - (3 - 11) - -3
4
What is 6 + 5 + (-4 - 2)?
5
Calculate 9 + (5 - (0 - -11)).
3
Evaluate -1 + -6 - (4 - 7 - 0).
-4
What is the value of (-11 - (-20 - -10)) + 5?
4
What is -9 - -3 - (-5 + -5 - -3)?
1
Calculate -7 - -3 - (-3 - (-5 - -3)).
-3
-62 + 61 + 4 + 1 - -7
11
What is (-9 - -4) + 10 + 1 + -10?
-4
Calculate 3 + (0 - -7 - 5).
5
Evaluate 1 + 0 - 4 - (-1 - -1).
-3
11 + -9 - 8 - (-7 - 3)
4
(0 - (-14 + 6)) + -13
-5
What is the value of -6 + (0 + -6 - (-2 - 4))?
-6
What is the value of -7 - (-2 + -2 - -2)?
-5
Evaluate (-6 - -14) + -6 + -1 + 1.
2
Calculate (-4 + 1 - 3) + 1 - 1.
-6
What is -5 + (15 - 5) + 2 + -5?
2
4 + 3 - (-2 - -7)
2
6 + 0 - (-35 - -41)
0
2 - (-1 - -3) - 4 - -4
0
What is -3 - (-3 - 4 - 5)?
9
-4 - (3 + (-1 - 0) + -4)
-2
-5 + (2 + -8 - (-17 - -4))
2
What is the value of -11 - -19 - (-2 - -5)?
5
What is the value of 0 + (-3 - -5 - -1)?
3
What is 1 + 1 + -8 + 2?
-4
Evaluate 1 - -2 - (5 - (-4 - -9)).
3
3 + -3 + -2 + 7 + -7
-2
Calculate 1 + 3 + (25 - 27).
2
What is 0 + -6 - -1 - -11?
6
What is (6 + -3 - 5) + (-5 - -2)?
-5
Evaluate -2 + -1 + 0 + 3.
0
What is the value of (-12 - -2) + 2 - (0 + -3)?
-5
-2 + 7 + -10 + 1
-4
What is the value of 4 - 10 - -5 - 0?
-1
What is the value of -5 + -1 + 17 + -3 + 1?
9
4 + -3 - 0 - (4 + -3)
0
2 + 8 + (-11 - -3) + 5
7
12 - (-11 - (13 - 43))
-7
Calculate -16 + (2 - -7 - 2).
-9
Evaluate (15 - 12) + -2 + 6 + -12.
-5
Calculate 11 - 1 - (5 + 1).
4
Evaluate -17 + 49 + -21 - (1 - -3).
7
Calculate 7 + -10 + (-6 - -2) + 2.
-5
Calculate 3 - 1 - (8 + (12 - 12)).
-6
Evaluate 1 + -4 - (0 + -6).
3
8 + -11 + -2 - (-3 - 4)
2
(11 - 3 - (-14 - -7)) + -9
6
Calculate 1 - (-5 + 7 + -7).
6
What is (-7 - (9 - 24)) + (-6 - -1)?
3
(-1 - (-6 - -12) - 0) + 12
5
Calculate (2 - (2 + -2)) + -2.
0
Calculate 10 + -11 - (4 + -2 - -3).
-6
Evaluate -5 - (7 - 2 - 7) - 1.
-4
What is the value of -2 + 4 + -5 + -1 + 1?
-3
What is the value of 3 - ((3 - -1) + -3) - -2?
4
Calculate 6 + -4 - (3 - 0).
-1
Calculate 2 + -4 + -2 - -9.
5
Evaluate -2 + 5 + (-6 - -2).
-1
Evaluate 12 + -13 + (1 - -1) + 0.
1
Calculate -5 - (-2 + 2 + -5).
0
Calculate -5 + (8 - (2 - 1)) + -8.
-6
What is the value of 0 + (-4 - (0 + -3) - 1)?
-2
(5 - 1) + 10 - 6
8
Evaluate 14 + -9 + (-11 - -4).
-2
Calculate (0 - 0) + 3 + 3.
6
-4 + (0 - -2) + (2 - 2)
-2
What is -2 + (-4 - -15) - (4 + 0)?
5
Evaluate 1 - (4 + (4 - 5) + -6).
4
(6 - 11 - -3 - -9) + -11
-4
Evaluate 3 - (4 + (3 - (3 + -3))).
-4
Calculate 2 + 1 - ((5 - 16) + 10).
4
What is the value of -3 + (5 - (-3 + 6))?
-1
Calculate -5 + 9 + 0 + (-6 - -3).
1
What is -5 - (-5 + 4 + -4)?
0
Evaluate 4 - 5 - 5 - -7 - 4.
-3
What is 11 - (-15 + 9 - -15)?
2
Evaluate (3 - -5) + (-4 - 5).
-1
What is -1 - (2 - 2 - (-3 + 8))?
4
What is 7 + (0 - 2) + -23 + 26?
8
-5 - (-5 + (-6 - -8) + -2)
0
What is -1 - (5 + (1 + -5 - -1))?
-3
What is the value of (-2 - (-1 + -5)) + (-1 - 4)?
-1
0 + -1 - 1 - (-5 - -3)
0
What is the value of -5 - (9 + -9) - 0?
-5
Calculate -5 - (0 + -9 - (0 + 1)).
5
What is the value of -3 - -3 - (-1 + -2) - 2?
1
Calculate (0 - (0 + -4)) + -2.
2
Calculate 2 + -7 + 8 + -4 + -2.
-3
What is (-5 - -2) + -2 + 2?
-3
Calculate (0 - 1) + -2 - -1 - -5.
3
What is (10 - 1) + -3 + -3?
3
Calculate -10 + 8 - (1 - 1 - 0).
-2
-5 + 4 - 3 - -3
-1
Calculate 8 - ((-5 + 13 - 3) + 0).
3
What is the value of 16 - 2 - 2 - 15?
-3
6 - (-2 + 6 + 18 + -17)
1
Calculate (1 - 3 - -11) + -4.
5
0 + (-2 + -1 + 5 - 4)
-2
What is the value of -12 + 11 - (-1 - 5)?
5
Evaluate 1 - (5 - 2 - -1) - -8.
5
4 + -9 - (-7 - -1)
1
What is -9 + 3 + (-3 - -4)?
-5
Calculate 5 + (9 - 21) - -15.
8
Calculate (3 - -1) + -22 + 21.
3
Evaluate -1 + 1 + (-5 - (6 + -9)).
-2
Evaluate -6 - (2 - -4 - (11 - -5)).
4
Evaluate -1 - (-8 + (9 - 0) + -6).
4
Evaluate 2 + -4 - (1 + (-3 - 1)).
1
(1 - -1) + 6 - 7
1
-3 - -1 - (4 - (11 - 7))
-2
What is the value of 1 + -2 + 1 - -4?
4
What is the value of -15 - ((2 - 3) + -5 + -2)?
-7
Evaluate -3 + 2 + 12 + -10.
1
(-9 - -4) + (0 - -3)
-2
Evaluate (-9 - (-5 + -6)) + 3.
5
What is (0 + -4 - -4) + 3?
3
What is 3 - ((-1 - -2) + -4) - 1?
5
Evaluate 2 + 1 + -5 + 8 + -7.
-1
Calculate (-2 - 1 - -7) + (-9 - -10).
5
Evaluate -14 + 19 - (2 + 1) - -1.
3
(-9 - -4 - -3) + (-3 - 1)
-6
Evaluate -5 + (7 - (6 - 5)).
1
-1 - (-2 + 10 - (4 + 1))
-4
What is the value of -2 - (-4 + (7 - 9))?
4
Calculate -8 + 1 - (-37 - -26).
4
(5 - 1) + (29 - 31)
2
What is the value of (-4 - -12) + -3 - 3?
2
What is (1 - (4 + -5) - -1) + -6?
-3
Calculate 3 + 2 - ((-6 - 0) + 12).
-1
Evaluate -22 + 27 + -4 + 0.
1
Evaluate 7 + (-6 - -11) + -5.
7
Evaluate (-1 - -7 - -3) + -7.
2
Evaluate 8 - (-6 - -11 - -8).
-5
Evaluate -11 + 16 - (0 - (-6 - 4)).
-5
Calculate 7 + -1 - ((-14 - -12) + 7).
1
(8 - 12) + 8 - 8
-4
What is 6 - (-2 + 11 + -5 + -1)?
3
Evaluate (-14 - -9) + 0 + 8.
3
What is 8 - 3 - (1 + 2) - -1?
3
What is the value of (20 - (-5 - -14)) + -11?
0
What is the value of -6 + (3 - (-7 + 7 - -2))?
-5
What is -1 + (2 - -3) + -4 + -2?
-2
Evaluate -7 + (1 - (-1 - 1)).
-4
(-3 - -1) + (10 - 7)
1
0 + -1 - (5 + -1)
-5
What is 2 + (-3 - 0) - -3 - 1?
1
Evaluate (11 - (2 - -5)) + -3.
1
Calculate -2 - -7 - (11 - (-9 + 10)).
-5
What is 5 + (4 - -1) + (-6 - 5)?
-1
0 + 1 - (-1 + 1)
1
-3 - (1 + 3) - (2 - 7)
-2
What is -4 - (5 - (11 + -2 - -3))?
3
-1 + (4 - 5) + 4
2
What is the value of (10 - 7) + (0 - 1)?
2
-8 + (1 + -5 - -19)
7
Calculate 6 + 0 + -3 + -6.
-3
-6 + (5 - (6 + -3))
-4
(1 + -5 + -1 - -5) + -4
-4
Evaluate (-5 - -6 - 2) + (-7 - -2).
-6
Calculate -3 + (9 - 7) + -1 + -1.
-3
What is 5 + -2 + -6 + -3?
-6
1 - 5 - (-3 + -3 - -3)
-1
-1 + (-7 + 14 - (3 + 1))
2
Evaluate 3 - (-8 + 10 - 7).
8
(1 - 3) + 2